hat is -9 - (-33 - -19) - 12?
-7
Calculate (-5 - (-8 + 3)) + (-2 - 3).
-5
What is the value of (-2 - (-2 - 2)) + (-6 - (-25 + 13))?
8
What is the value of 4 + 14 + (5 - 16 - -3)?
10
What is the value of -4 + 7 + 6 + -10 + -19?
-20
10 + 13 - (46 - 46)
23
Calculate -5 + -12 + (32 - 25) + -20.
-30
What is the value of -1 + (-1 - 13) + 17?
2
1 - 3 - 1 - (13 + -12)
-4
Calculate -37 + (13 - (-4 + 11 + -8)).
-23
What is the value of 57 + -73 + 70 + -33?
21
-2 - (7 - ((10 - 0) + 5))
6
(76 - 50) + -28 + 1
-1
Evaluate 6 - ((-1 - -9) + (13 - (11 - -10))).
6
Evaluate (103 - 81) + (-30 - 1).
-9
5 - (0 + -2) - (-45 - -51)
1
Calculate 23 + (-2 - (16 - (13 + -1))).
17
Calculate (9 - 11 - 9) + (-18 - -28).
-1
56 + -14 + 3 + -12 - 7
26
What is (-8 - 2) + 3 - (17 - (12 - 3))?
-15
What is -8 - (-3 - (13 + (-18 - 8)))?
-18
What is 29 - (8 - (10 + -18))?
13
9 - (-7 + (-8 - -22) + -12)
14
What is 398 + -389 + -4 + 2 + 11?
18
26 + (-3 - 11 - 25)
-13
What is 38 + -31 + -16 - (-6 - 20)?
17
Calculate 15 + 1 + (-31 - -5).
-10
-37 - (-13 - (-10 - -14))
-20
-8 - (8 - ((11 - -2) + -2))
-5
Calculate -13 - (-3 - 4) - (4 - -14).
-24
Evaluate (-26 + -34 - -42) + (1 - -44).
27
14 - ((8 - 8) + 1)
13
What is the value of (-6 - (-31 - -17)) + -12 - -5?
1
Calculate 7 + (26 - (-3 - (12 - 25))).
23
-75 - -92 - (23 - -3)
-9
What is the value of -5 + 7 - 12 - 3?
-13
What is (21 - 31) + (-19 - (-1 - (-10 + 6)))?
-32
Evaluate 3 + -33 + 31 + 0.
1
What is the value of 13 - (19 - -6) - -22?
10
Calculate -1 + 26 + (-2022 - -2028).
31
Evaluate -6 - (23 + -23 - -3).
-9
Evaluate 1 + 10 + (28 - 64).
-25
Evaluate -1 - (7 - 10 - 20).
22
What is -16 - (-10 + 20 - 5 - 21)?
0
What is the value of 21 + (-8 - 6) - 0?
7
-28 + (-3 - (7 + -4 + -13))
-21
(-22 - (-6 + 9)) + 16 - 14
-23
(-16 - (-2 + 0)) + -572 + 594
8
What is (4 - -3 - -3) + (0 - 5) - 4?
1
-2 + -2 - (-4 - (-4 + 19 - 7))
8
What is 37 + -25 + (2 - ((5 - -1) + -10))?
18
What is -1 + 1 + -25 + 6 + 17 + -2?
-4
What is -1 + (7 - -1 - 3 - (2 + 1))?
1
5 + (0 + -11 - (-12 - -1))
5
Evaluate 8 - 4 - (33 + -43).
14
What is (-130 - -137) + (0 - (10 - 5))?
2
Calculate 66 - 74 - (-20 - 2).
14
What is the value of -10 + 3 + (0 - 5) - -8?
-4
-2 + (0 - 3 - -20) + -10 + 5
10
What is 10 + (-5 - (-10 + 14) - -7)?
8
(3 - (-9 + 5)) + -18
-11
What is (2 - -1) + (16 - (25 + -12)) - 30?
-24
Evaluate 128 + -141 - (3 + (-1 - -5)).
-20
15 - (-24 + 56 + 3)
-20
Calculate 12 - (83 - 37 - 73).
39
What is the value of 35 - (12 - (-6 - -13) - -4)?
26
What is 15 - (2 + 20 + -14)?
7
What is -17 + (-9 - (-28 - -40))?
-38
Evaluate 4 + 64 - (15 + 17).
36
Evaluate 0 + 4 + (-16 + 17 - -3).
8
What is the value of (259 - 264) + (0 - 4)?
-9
-12 + 3 + -1 - (312 + -349)
27
Evaluate (-2 + 1 - (33 + -18 - 18)) + 3.
5
-19 - ((-15 - 5) + 14)
-13
What is the value of 6 + 0 - (8 - (7 - -5))?
10
What is the value of (-15 - ((-14 - -2) + 14)) + 8?
-9
Calculate (-2 - 0) + -1 + (13 - 40 - -21).
-9
Evaluate (1 - -3) + -17 + 13 + -6 + -4.
-10
What is the value of 8 + -10 + (-10 - -8 - -10) + -7?
-1
Evaluate (84 - 63) + (-21 - -1).
1
Calculate -40 + (5 - (-14 + 5) - -1).
-25
What is the value of -11 + 0 - (-18 + -3 + 21)?
-11
What is 10 + (-2 - ((5 - -3) + -5)) - 21?
-16
What is 5 + -1 + 9 + (12 - (22 - 7))?
10
What is -2 - (-2 - 0) - (-7 + 6 + -3)?
4
Evaluate (993 - 1022) + 0 + 10.
-19
(1 - (-15 + 37)) + 13
-8
Calculate (-2 + -4 - (6 - 1)) + 11.
0
What is -151 + 160 - ((4 + -4 - 3) + 8)?
4
What is 9 - (-18 + 0 + 64) - (0 + 1)?
-38
-6 + (0 + 6 - 0) + (78 - 71)
7
Evaluate -8 + (5 + 1 - ((-6 - 3) + -11)).
18
Calculate (-8 - -8 - -2) + -7.
-5
What is 13 + (-14 - 2) + -10?
-13
32 + (-27 - (10 - 20))
15
What is the value of -5 - (11 - (4 - -14 - 12))?
-10
Evaluate -12 + (5 - (-3 - 5)) + (0 - -9).
10
1 - 2 - (-6 - (-3 + 1) - 0)
3
What is the value of -6 - -1 - 14 - -12?
-7
Calculate -10 + 7 + 0 + -15 - -1.
-17
2 + 8 + -4 + 3 + 11 + -48
-28
What is the value of 16 + (-19 - -16 - -7)?
20
Calculate (-20 - -20) + (16 - -1).
17
What is the value of 14 - (10 + -4 - -5 - 8)?
11
Calculate (14 - (5 + 0)) + -7 + 6.
8
Calculate (-34 - -33) + (2 - 0) + -5.
-4
What is the value of -3 + 9 + (3 + 0 - 10 - -16)?
15
Calculate -5 + (5 + -4 - 0) + -4.
-8
What is the value of -31 - ((-5 - 23) + 29)?
-32
Calculate (3 - 3) + -3 + 0 + (2 - 12).
-13
What is (6 - -25) + -9 - (-3 + 12)?
13
Evaluate 1 + 0 - ((87 - 25) + -36).
-25
Evaluate 5 + (8 - (10 - -2)) - 1.
0
Calculate (-154 - -156) + (3 + 0 - (1 + 3)).
1
-2 - 1 - 13 - (-20 - -16)
-12
What is the value of 3 - 1 - (12 - (26 - 1))?
15
Calculate 36 + -71 + -1 - -33.
-3
(-3 - (1 - -7 - 6)) + (2 - -14)
11
What is (3 - -15) + -15 + (-5 - (0 + 1))?
-3
1 + -9 - -41 - (-6 - (3 - 9))
33
Calculate (-2 + -2 - (3 + (-16 - -12))) + 2.
-1
Evaluate -12 - (-9 + -4 + 2 + 7) - -7.
-1
What is (34 - 18) + -2 - 18 - -34?
30
What is the value of 4 + (-8 - (-11 - -6)) + 6?
7
Calculate 11 + -14 - (-15 - (2 - (5 + -1))).
10
What is 67 + -38 - (15 - -4)?
10
What is -10 - (-16 + (9 - -15))?
-18
What is the value of 14 - 2 - 22 - (-16 - -1)?
5
What is 11 - (12 - (6 + 1 + -11))?
-5
Calculate 0 + (-9 - 0) + (9 - 0).
0
-23 + -1 - (349 + -359)
-14
What is -4 + -1 + (64 - 47)?
12
What is the value of 8 - (26 - 39 - -39)?
-18
-8 + (-13 - (-41 + -9)) - (-2 - -8)
23
What is the value of (8 - (1 - -7 - -9)) + 18?
9
Calculate -31 + 23 - (-14 - 4 - -1).
9
Evaluate -55 + 61 + (0 - 3 - -4 - 9).
-2
Evaluate 63 + -69 - (-4 + -17 - -3).
12
What is -9 - (20 + -15 + -6 - (2 + -10))?
-16
Calculate (12 + 1 - ((3 - 0) + 2)) + 1.
9
Calculate -3 + (-1 - 4) + 28 + -20.
0
Evaluate -81 + 87 - (7 + -1 + -1).
1
Evaluate 29 - (7 + (-28 - -26)).
24
What is 24 - 21 - (0 + 2 - (2 + -1))?
2
What is the value of 11 - ((-7 - (-17 - -11)) + 0)?
12
-24 + 16 + (-7 - -13)
-2
What is -58 + 15 - -51 - (-13 + -1)?
22
What is -13 + 30 + -8 + -12 - -3?
0
What is -3 - (8 + 2 - (-6 - -3 - -7))?
-9
Evaluate -33 - -15 - -10 - -12.
4
What is the value of 2 + -6 + (30 - 26) - 0 - -1?
1
11 + 24 + -19 - 3
13
Evaluate (11 + -23 + -1 - -21) + -6.
2
What is the value of -1 + -23 + 8 + 25 - (0 + 32)?
-23
(3 - -5 - 16) + 14
6
Evaluate -2 - (-61 - -56 - (6 - 0)).
9
-7 + -9 + 17 + -2 + 2
1
Evaluate -35 - (16 + -12 + -5 - 13).
-21
11 - ((7 - -5) + -10 + 9)
0
Evaluate (20 - (0 + (-4 - -8))) + -6.
10
Calculate -2 - (-1 + (9 + (-3 - 4) - -7)).
-10
What is the value of -16 + ((1 - 3) + 6 - (27 - 26))?
-13
What is 47 + -6 - 25 - -4?
20
What is the value of -1 + 3 + (-13 - (5 + -5 + -2))?
-9
-16 + -13 + (-25 - -54)
0
Evaluate -6 - ((8 - 21) + (7 - 11)).
11
What is -8 + 20 + (6 - 14) + -14?
-10
What is 3 + 0 + 2 + -2 - (-21 + 30)?
-6
-1 + -8 + 18 + -12
-3
Calculate -3 + 20 - (-45 + 76).
-14
What is (7 - (-19 + -4)) + -2 + -7 - 1?
20
-2 + -16 - (49 - (-58 - -116))
-9
-8 + 19 + (0 - 7) + 0 + -8
-4
-72 + 73 + (2 + (0 - 2) - 23)
-22
What is 6 - (-8 + (13 - ((7 - 1) + -9)))?
-2
Calculate -20 - -30 - (0 + 1 + 0 + 2).
7
What is the value of -7 + (5 + (11 - 6) - (-4 + -3))?
10
What is the value of 1511 + -1512 - (0 + 1 - -18)?
-20
-26 - (9 + -39) - (-12 - -1)
15
What is -21 + 25 + (1 - -5) + 4?
14
Calculate -1 - 0 - -6 - ((32 - 6) + -25).
4
What is the value of (-13 - -11) + 17 - 28?
-13
Evaluate 19 + -32 - (-4 + (0 - -3)).
-12
Calculate -96 + 81 + (-3 - 22) + (12 - 0).
-28
What is (4 - -1) + -44 + 22?
-17
Evaluate -8 - (-20 - (22 + -20)) - 11.
3
Evaluate 7 + 2 - (-26 + -9 + 36) - -12.
20
Evaluate (38 + -37 - (-2 - 2)) + 13.
18
Calculate 24 + -19 + (-3 - -23 - 10).
15
What is the value of 18 + -1 + -7 + 4?
14
What is (10 - 5) + (5 - (2 + -1 + 2))?
7
Evaluate (-3 - 6) + (-8 - (10 + -11)).
-16
What is -1 - 1 - (-15 - (-10 + -16))?
-13
What is 10 + -4 + 5 - 18?
-7
Calculate -1 - 1 - (-10 + (9 - (5 - 5))).
-1
What is the value of -5 - ((8 - 26) + 16) - (0 - 8)?
5
What is the value of (-17 - (-2 - -4)) + 24 + -25?
-20
What is (-4 + 11 + 4 - 3) + -28?
-20
6 + -6 + -8 + 4
-4
7 + -13 + 7 - (-6 + 1) - 2
4
What is -12 + 6 + 10 - (-10 - -9)?
5
What is 4 - (2 + 4 + 1)?
-3
-5 - (39 - 40 - (9 + -1 + 0))
4
Calculate 3 + 4 + (-21 - -23) - 20 - -3.
-8
What is the value of 14 + (16 - (17 + -10 + 18))?
5
Evaluate (8 - 20 - 7) + (9 - -28).
18
Calculate -7 + (-26 - -7) + 12 + (-19 - 1).
-34
Calculate 9 + -2 - (74 + -74).
7
What is 0 - (-9 + -8) - (-1 + 5)?
13
Calculate 4 - (1 + (16 - (-5 + -1)))